{"id":28,"date":"2019-10-18T17:00:35","date_gmt":"2019-10-18T15:00:35","guid":{"rendered":"http:\/\/www.sixi.local\/?page_id=28"},"modified":"2021-02-18T11:52:09","modified_gmt":"2021-02-18T10:52:09","slug":"chi-siamo","status":"publish","type":"page","link":"https:\/\/www.sixi.it\/index.php\/chi-siamo\/","title":{"rendered":"Chi siamo"},"content":{"rendered":"\n<h4 class=\"wp-block-heading\">Professionisti con la passione del software<\/h4>\n\n\n\n<p>\n<i class=\"fas fa-users\" style=\"float: left; margin: 10px; margin-right: 40px; font-size: 4.0em; color: #385B88;\"><\/i><b>SIXI<\/b> \u00e8 attiva a Modena dal 2007, ma i suoi operatori sono professionisti che si occupano di progettazione e sviluppo software custom da pi\u00f9 di vent&#8217;anni. La nostra esperienza, la nostra volont\u00e0 di ascoltare veramente i nostri interlocutori, unita alla consapevolezza che \u201cla tecnologia deve portare valore all\u2019azienda\u201c, sono fattori che ci guidano costantemente, in ogni soluzione che progettiamo e realizziamo.<\/p>\n\n\n\n<p>Nel contesto attuale, il mercato si evolve velocemente e occorre rispondere altrettanto velocemente con innovazione ed efficienza: vincere la sfida della competitivit\u00e0 \u00e8 ormai un imperativo assoluto per tutte le imprese. Per noi, il miglioramento continuo nella gestione dei processi informativi attraverso soluzioni efficienti e performanti, \u00e8 condizione necessaria per innescare innovazione e produttivit\u00e0, cio\u00e8 per vincere le sfide competitive attuali e future.<\/p>\n\n\n\n<p>Per riuscire nel nostro intento, abbiamo investito molto nelle persone: professionalit\u00e0, aggiornamento continuo, forte motivazione e grande attenzione al rapporto col cliente sono il nostro pensiero guida. <\/p>\n\n\n\n<p>Se ci conoscerete, siamo sicuri che apprezzerete i nostri sforzi.<\/p>\n\n\n\n<p><\/p>\n","protected":false},"excerpt":{"rendered":"<p>Professionisti con la passione del software SIXI \u00e8 attiva a Modena dal 2007, ma i suoi operatori sono professionisti che si occupano di progettazione e sviluppo software custom da pi\u00f9 di vent&#8217;anni. La nostra esperienza, la nostra volont\u00e0 di ascoltare veramente i nostri interlocutori, unita alla consapevolezza che \u201cla tecnologia deve portare valore all\u2019azienda\u201c, sono [&hellip;]<\/p>\n","protected":false},"author":1,"featured_media":0,"parent":0,"menu_order":0,"comment_status":"closed","ping_status":"closed","template":"","meta":[],"_links":{"self":[{"href":"https:\/\/www.sixi.it\/index.php\/wp-json\/wp\/v2\/pages\/28"}],"collection":[{"href":"https:\/\/www.sixi.it\/index.php\/wp-json\/wp\/v2\/pages"}],"about":[{"href":"https:\/\/www.sixi.it\/index.php\/wp-json\/wp\/v2\/types\/page"}],"author":[{"embeddable":true,"href":"https:\/\/www.sixi.it\/index.php\/wp-json\/wp\/v2\/users\/1"}],"replies":[{"embeddable":true,"href":"https:\/\/www.sixi.it\/index.php\/wp-json\/wp\/v2\/comments?post=28"}],"version-history":[{"count":38,"href":"https:\/\/www.sixi.it\/index.php\/wp-json\/wp\/v2\/pages\/28\/revisions"}],"predecessor-version":[{"id":634,"href":"https:\/\/www.sixi.it\/index.php\/wp-json\/wp\/v2\/pages\/28\/revisions\/634"}],"wp:attachment":[{"href":"https:\/\/www.sixi.it\/index.php\/wp-json\/wp\/v2\/media?parent=28"}],"curies":[{"name":"wp","href":"https:\/\/api.w.org\/{rel}","templated":true}]}}